**2 - 11*x**2 - 3*x + 62. Give j(a).
-1
Let h(x) = -4*x**2 - 8*x - 10. Let b = -10296 + 10294. Calculate h(b).
-10
Let c(d) = -8 - 5*d + 2*d + 1 + d**3 + 5*d - 5*d**2. Let y be 2 + -21*((-98)/(-21) + -5) + -4. Calculate c(y).
3
Let t(m) = 58*m**2 - 8*m - 9. Let f be t(-1). Suppose -2*l - 53 = -f. Suppose -l*u + 24 = -6*u. Let r(i) = i**3 + 8*i**2 + 9*i + 1. Give r(u).
19
Let j = -16 + 12. Let q be 30/12 + (-10)/j. Let b(y) = q*y**3 + 3*y**3 - 8*y**2 + 7 - 7*y**3 - 10*y. Determine b(9).
-2
Let k(a) = -a**3 - 4*a**2 - 2*a + 3. Suppose -92 = -4*q - 3*w, 35 + 49 = 5*q - 4*w. Suppose -2 = q*v + 58. What is k(v)?
0
Let d = 630 - 581. Let y be (9/(-3))/(-2 + d/35). Let x(t) = -8*t + 6. Calculate x(y).
-34
Let p(v) = v**3 - 9*v**2 + 22*v - 14. Let k be p(7). Let f = k + -43. Let o(b) = -10*b - 1. Calculate o(f).
9
Let x(v) = 5*v - 8. Suppose 890 = -150*o + 1340. Calculate x(o).
7
Let h(j) = -7*j**2 - 3*j**2 - 17*j**3 + 30*j + 16*j**3 + 13 - 4*j. What is h(-12)?
-11
Suppose -161*h + 9 = -163*h - 15. Let g(r) = -4*r - 47. Calculate g(h).
1
Let l(p) = -82*p - 907. Suppose -56*t - 579 = 20*t + 257. Give l(t).
-5
Let t(i) = -i**3 - 6*i**2 - i - 4. Suppose 0 = 5*r + 46 + 259. Suppose 5*n + 220 = 9*n. Let g = r + n. Calculate t(g).
2
Let d(v) = -7*v + 1. Let k(l) = 41*l - 8. Let r(a) = -6*d(a) - k(a). Give r(11).
13
Let c(j) = -j**2 - 6*j + 6. Suppose 0 = -58*w + 64*w - 12. Suppose -4*f = w + 2, -3*l + 3*f - 15 = 0. Determine c(l).
6
Let x(n) be the first derivative of n**2/2 + 2*n + 29. Let f(o) = -4*o**2 + o. Suppose y + 4*y = 5. Let u be f(y). Calculate x(u).
-1
Let a(o) = 0 - 22*o - 13 - 22*o**2 - 13 + 7 - o**3. Let x be a(-21). Let j(n) = -2*n + n**2 - x*n - n**3 + 4*n. Give j(0).
0
Let r = -7 + 12. Let x be (3/(-5))/((-1)/r). Let y(z) = -z**2 + 2*z - 2. Let v(j) = -4*j**2 + 7*j - 8. Let w(p) = v(p) - 2*y(p). What is w(x)?
-13
Let a(d) = -47*d + 1129. Let m(f) = -f**3 - 12*f**2 - 27*f - 46. Let z be m(-10). What is a(z)?
1
Let v(b) = 29*b - 98. Let i(t) = -5*t + 19. Let f(p) = -11*i(p) - 2*v(p). Determine f(-6).
5
Let y(p) = -20270 - 20281 - 20277 - 7*p + 60837 - 2*p**3 + 5*p**2. Give y(4).
-67
Let h(m) = 2*m**2 - 7*m - 8. Let d = 12422 - 12416. Calculate h(d).
22
Let g(c) = -c**3 - 10*c**2 - 11*c - 20. Let x = 196 + -173. Suppose 4*m + 59 = x. What is g(m)?
-2
Let f = 7 + -3. Let r = -1395 + 1398. Let i(j) = 2*j + 3. Let c(t) = -2*t - 3. Let h(s) = f*c(s) + r*i(s). What is h(-5)?
7
Suppose -172 = 61*v + 316. Let t be (8/(-6))/(v/(-36)). Let o(u) = -u**2 + 2*u + 1. What is o(t)?
-47
Let l(o) be the third derivative of o**4/3 - 6*o**3 + 20*o**2 - 5*o. Calculate l(4).
-4
Let s be ((-39)/(-9))/((-3)/9). Let z(l) = -2*l**2 - 25*l + 13. What is z(s)?
0
Let c(p) = 1 + 4296*p + 3*p**2 - 2*p**2 - 2*p**2 - 4303*p + 9. Calculate c(-7).
10
Let i(l) be the first derivative of l**3/3 - 6*l**2 + 3*l - 1. Suppose 0 = -689*u - 17*u + 1147 + 6619. Give i(u).
-8
Let l(j) = 6*j + 133. Let f(i) = -i**3 - 24*i**2 + 60*i + 186. Let y be f(-26). Give l(y).
1
Let i(g) = 3*g**2 - 2*g - 13. Let b = -8204 + 8202. Determine i(b).
3
Let n(o) = -o**3 + 17*o**2 - 19*o - 38. Suppose -153*c + 1093 = -1407 + 52. Calculate n(c).
-86
Suppose 0 = -5*n + c + 43 - 10, -3*n + 25 = 2*c. Let s be ((63/6)/n)/((-6)/(-12)). Let z(l) = l + 2. Give z(s).
5
Let f(h) = 11*h - 19. Suppose -3*w = -5*o + 18, -151*w - 3*o = -149*w - 26. What is f(w)?
25
Suppose 0 - 51 = 39*w + 105. Let r(g) be the third derivative of -g**6/120 - g**5/15 - 9*g**2. Determine r(w).
0
Let u(d) = 12*d + 20*d - 42*d - d**3 + 7*d - 3 - 6*d**2 + 19*d. Suppose 5*m - 6*a + 2*a + 52 = 0, 3*m = -2*a - 18. Give u(m).
-3
Suppose -2*r = 2*x - 12, -r = 3*x - 4*r. Let p(b) = 9*b**2 - b + 11. Let o(d) = 28 + 8*d**2 - 22 - 3*d**2. Let z(w) = -7*o(w) + 4*p(w). Determine z(x).
-1
Let q = -118 - -22. Let h be 2/8 - 6/(q/(-164)). Let g(f) = -f**2 - 10*f + 7. Give g(h).
7
Let p(h) = -h**2 - 7*h - 10. Suppose 2*x = 4*m, 11*x + m + 28 = 8*x. Let w be 2 + x + 2/(6/3). Determine p(w).
0
Let t(n) = -n**2 + 8*n - 1. Suppose 3*i + 62 - 62 = 0. Suppose i = -j + p - 5 + 7, 2*j - 8 = p. What is t(j)?
11
Let q be ((-129)/(-258))/((-1 - -3)/(-48)). Let o be 4/q + 120/(-45). Let s(m) = -m**3 + m**2 + m + 2. What is s(o)?
35
Suppose -4*t - 11*o = -12*o - 208, 5*t - 5*o - 275 = 0. Let q be t/(-7) - (-84)/294. Let m(s) = -s - 8. Determine m(q).
-1
Suppose 0 = 3*f - 4*q - 30, -5*f - 5*q = 14 - 29. Let t(n) = -n**3 + 7*n**2 - n + 1. Determine t(f).
31
Let o = 6 - -1. Let g(l) = -14*l - l**2 + 2*l**2 + 5 + o*l. Let v = 1594 + -1589. Give g(v).
-5
Let g(r) = -22*r**3 + 287*r**2 - 13*r - 8. Let m be g(13). Let k(v) = -14*v - 120. Calculate k(m).
-8
Let o(l) = 3*l - 15. Suppose 72 = 3827*n - 3809*n. Determine o(n).
-3
Let x(g) = -g. Let z be x(-6). Let o be 1*-2 + 6/z. Let p(r) be the third derivative of 13*r**5/60 + r**4/24 + r**3/6 + 857*r**2. Determine p(o).
13
Let i(m) = m**3 + 9*m**2 + 3*m + 25. Let s = -109 - -100. Determine i(s).
-2
Let g be 8056/1272 - ((-2)/6)/(-1). Let q(k) = -3*k**2 + 4*k - 9. Give q(g).
-93
Let y(z) = z**3 - 9*z**2 + z - 4. Suppose 4*d - 16*g - 20 = -12*g, 0 = 4*g + 12. Suppose -p - d*p = 3*b - 42, 4*p + 7 = 3*b. Determine y(b).
5
Let t(p) = -3*p**3 + 8*p**2 - 9. Suppose 2*f = -6, 37 = 5*b - 5*f + 7. Determine t(b).
-18
Let c(b) = b**3 + 4*b**2 + 5*b + 9. Suppose -120 = 3*d + 6*h - 150, 40 = -3*d + 4*h. Give c(d).
-11
Let s(i) = 6*i + 2. Let d = -152 + 145. What is s(d)?
-40
Let g(y) = 2*y**2. Let d be g(-1). Let x(z) = z - z**d - 6 + 4*z**2 - 2*z**2. Let h(n) = 9*n**2 + 716*n + 395. Let j be h(-79). Calculate x(j).
-6
Suppose -3*a - v + 5 = 0, 5*a + v - 6*v = 35. Let r(i) = 5 - i - 4*i - 8447*i**3 + 8448*i**a - 2*i + 5*i**2. Calculate r(-6).
11
Let i(b) be the first derivative of b**2/2 + 13*b - 293. Suppose 4*p + 27 - 7 = 0. Calculate i(p).
8
Let j(y) = y**3 - 5*y**2 - 4*y - 3. Let f be 9 + (-30)/(-5 - 0). Let u be (-20)/f*3 + 10. What is j(u)?
9
Let n(r) = r**3 - 5*r**2 + 5*r - 1. Let p be n(4). Let q(f) be the second derivative of 5*f**4/12 - f**3/3 - f**2/2 + 2*f + 3178. Determine q(p).
38
Let r = 116 + -90. Suppose u + 4*t - 17 = 0, -4*t = 10 - r. Let k(x) = 8*x**3 - x + 1. Calculate k(u).
8
Suppose 5*h + 0*h + 35 = 0. Let b(a) be the first derivative of -a**2 - a + 13537. What is b(h)?
13
Let u(f) = 0*f**2 - 12*f**3 - 3*f**2 + 2*f**2. Let m be ((-45)/(-18))/(15/6). Let n be (-1*m)/((-14 - -8)/(-6)). Calculate u(n).
11
Let o(t) be the third derivative of 1/8*t**4 + 1/6*t**3 + 3 + 0*t - 8*t**2 - 1/30*t**5. Give o(3).
-8
Let g be -7 + -2 + (4 - -7). Let r(w) = -25*w. Calculate r(g).
-50
Let d(r) = r**2 - 43*r + 217. Let i be d(6). Let j(s) = 2*s - 8. Calculate j(i).
-18
Let y = 153 - 251. Let z be 4/(-14)*1/(7/y). Let j(g) = 9*g - 4. Let b(i) = 3*i - 1. Let c(o) = 11*b(o) - 4*j(o). Calculate c(z).
-7
Suppose -g = -6*g. Suppose -5*m + g*m = -155. Suppose -m*l - 36 = -37*l. Let y(z) = -z + 4. Give y(l).
-2
Suppose 3*g = 3*k + 62 - 50, 0 = -k + 5*g - 4. Let j(r) = -2*r**3 - 5*r**2 + 4*r + 2. Give j(k).
34
Let l be (-4)/(-8)*0 + -2. Let d be -2*(-1)/8*-4. Let m(i) = -4*i**3 + 2*i**2 + 6*i + 2. Let r(o) = o**3 - o. Let k(v) = d*m(v) - 5*r(v). Determine k(l).
0
Let z(g) = -g**2 - 3*g + 7. Let b(o) = o**2 + 3*o - 7. Let w be 2/(-2)*(61 - 7). Let d = w + 58. Let c(m) = d*z(m) + 3*b(m). Determine c(-7).
-21
Let o(p) = -p**3 + 2*p + 124. Suppose -7725*u = -7711*u. Calculate o(u).
124
Let j(x) = x**3 + 5*x**2 + 4*x - 4. Let p be j(-4). Let a(n) = n + 11. Let f be a(-9). Let l(d) = 12*d**2 + f - 26*d**2 + 5*d**2 + 8*d**2 - 2*d. What is l(p)?
-6
Let z(b) = -b**3 + 2*b**2 + 5*b + 2. Let k be z(4). Let m = k - 23. Let s = -36 - m. Let v(a) = 3*a + 3. What is v(s)?
-6
Suppose 10*l - 17 - 23 = 0. Let r be (0/2 + 4)/l. Let d(f) = -42*f + 21*f + 3 - r + 22*f. Give d(0).
2
Let k(r) be the second derivative of r**4/12 + r**3/6 - 3*r**2/2 - 3022*r. Let a(o) = -o**2 + o. Let d be a(-1). Let y be 1*(d + (-2)/2). Give k(y).
3
Let t(r) = -r**2 + 12*r - 30. Let i(o) = -3*o**2 + 34*o - 86. Let u(q) = 6*i(q) - 17*t(q). Suppose 0*c = c. Calculate u(c).
-6
Let x(o) be the third derivative of o**6/120 - o**5/60 + o**4/8 + o**3/6 - 257*o**2 + 2*o. Let f(z) = 5*z - 7. Let g be f(2). Calculate x(g).
28
Let o(f) be the first derivative of -f**4/2 - f**3 + 1. Let r 